 is b9 + -3c5d?
-3ba4
In base 3, what is 21110001210012120 + 11?
21110001210012201
In base 4, what is 3001231332 + 2302?
3001300300
In base 11, what is a939840 - 5?
a939836
In base 3, what is 21101100110 + -101101?
21100222002
In base 8, what is 5 - -51431172?
51431177
In base 7, what is 102231616 + -456?
102231130
In base 7, what is -105355064 + 3?
-105355061
In base 14, what is -19 + -1b74d6?
-1b7511
In base 5, what is 41020303 + -32232?
40433021
In base 15, what is -a3 - 4469?
-451c
In base 11, what is 7305629 + 13?
7305641
In base 11, what is a - -1915706?
1915715
In base 14, what is 875 - -1cb4b?
1d5c2
In base 14, what is 1769da + -8b?
17694d
In base 13, what is a21 - -132b07?
133828
In base 9, what is 3 + -1075517?
-1075514
In base 8, what is 215012 - -1?
215013
In base 14, what is 93a37 + -d?
93a28
In base 4, what is 103201310 - 3?
103201301
In base 5, what is -410233123011 + -4?
-410233123020
In base 11, what is 26 - -2a894?
2a90a
In base 14, what is 105a9cd + -3?
105a9ca
In base 10, what is -32 + 2396746?
2396714
In base 12, what is -619 + a5960?
a5343
In base 3, what is -200221100121 - -2?
-200221100112
In base 14, what is 35c + -3c41?
-38c3
In base 8, what is -601 - 11275?
-12076
In base 2, what is 1000 + 10011100110010001000101?
10011100110010001001101
In base 2, what is 111001110100111100001111010100 - -100?
111001110100111100001111011000
In base 10, what is -148 + 2656000?
2655852
In base 14, what is cdc0 + -608?
c7b6
In base 10, what is 1 - -305156?
305157
In base 6, what is -2122 - 50453?
-53015
In base 16, what is 1ac - -11cf?
137b
In base 4, what is -2000 + 1021222333?
1021220333
In base 8, what is 4264 - 41161?
-34675
In base 10, what is -44515677 - 1?
-44515678
In base 6, what is -204234314 - 21?
-204234335
In base 6, what is -45 + -303355?
-303444
In base 4, what is -203232200 + 33321?
-203132213
In base 6, what is -3 - -431531414?
431531411
In base 5, what is -22 + 43302320?
43302243
In base 8, what is 10336410241 - 5?
10336410234
In base 4, what is -223311100 - 2100?
-223313200
In base 10, what is 13993 - 7961?
6032
In base 14, what is 77428a1 + 5?
77428a6
In base 9, what is -202864 + 332?
-202532
In base 15, what is -2981 + 796?
-21da
In base 13, what is -a + 1143a056?
1143a049
In base 2, what is -11101100000110011001000101 - 100?
-11101100000110011001001001
In base 15, what is 744 - 1cd36?
-1c5e2
In base 15, what is 89c + -312?
58a
In base 4, what is 1 + -313200020221?
-313200020220
In base 7, what is 100204141 - 5?
100204133
In base 8, what is -446226 - 4177?
-452425
In base 15, what is -5 + a097e99?
a097e94
In base 3, what is -20 - -20102002220212102?
20102002220212012
In base 16, what is b5c7c6 - -4?
b5c7ca
In base 7, what is 13 + -2531536?
-2531523
In base 3, what is 100220122011 - -122?
100220122210
In base 13, what is -4aa084 + 16?
-4aa06b
In base 9, what is 17177682 + -2?
17177680
In base 7, what is -3015014 - -42?
-3014642
In base 6, what is -23 + 220114042?
220114015
In base 3, what is 11 + -1221222220200002?
-1221222220122221
In base 6, what is 510 - -22255125?
22300035
In base 8, what is 1121 + 15422?
16543
In base 11, what is -51a1076 - 31?
-51a10a7
In base 8, what is 527776 - -17170?
547166
In base 12, what is 28a9ba7 + -3?
28a9ba4
In base 6, what is 3 + -144115150?
-144115143
In base 10, what is -226477 - -14?
-226463
In base 16, what is -7f - 478a?
-4809
In base 12, what is -55893 + -40?
-55913
In base 12, what is 94443 + 10?
94453
In base 13, what is -27404233 + 5?
-2740422b
In base 13, what is -a66cb9 + -12?
-a66ccb
In base 10, what is 4606035 + -73?
4605962
In base 8, what is 2723 - 545621?
-542676
In base 13, what is 6090 - 4001?
208c
In base 6, what is -33501242424 - 0?
-33501242424
In base 15, what is -5 + 478104?
4780ee
In base 15, what is -254b + 72?
-24c9
In base 6, what is -1104435 + 1243?
-1103152
In base 5, what is -213023421 - 1?
-213023422
In base 2, what is -11 + 100010001100110011100011010?
100010001100110011100010111
In base 9, what is 4287720 + 4?
4287724
In base 7, what is -414042 + -4040?
-421112
In base 12, what is -bba6ab + 2?
-bba6a9
In base 9, what is -7858401 + -17?
-7858418
In base 9, what is -5 + 1112584?
1112578
In base 4, what is 2222001 + -30000?
2132001
In base 7, what is 4 + 2232436456?
2232436463
In base 13, what is a7591 + 359?
a791a
In base 12, what is 5 + -1a4b509?
-1a4b504
In base 4, what is -13 + -12210123301?
-12210123320
In base 11, what is -2 + -9684a00?
-9684a02
In base 14, what is 33d3 + 196d0?
1cac3
In base 14, what is -296b1d + 3?
-296b1a
In base 12, what is -73 - 5946?
-59b9
In base 15, what is c129 - 13a4?
ac75
In base 4, what is -11103222332 - -30?
-11103222302
In base 14, what is -6c7c + -760?
-75dc
In base 11, what is -37155a - -80?
-37148a
In base 13, what is -405c - -309?
-3a53
In base 11, what is 172a4 - -1824?
19018
In base 8, what is -277755 + -1103?
-301060
In base 11, what is -a - -421019?
42100a
In base 6, what is -1305420 - -2554?
-1302422
In base 2, what is -1010111001110 - -110011011100?
-100011110010
In base 6, what is -3 - -1004441124?
1004441121
In base 13, what is -4 + 17859?
17855
In base 2, what is 10 - -110010101011011000000110001?
110010101011011000000110011
In base 14, what is -d502b + 13?
-d5018
In base 4, what is 221331012 - 10101?
221320311
In base 6, what is 3 + -4335355232?
-4335355225
In base 11, what is -201 + -50690?
-50891
In base 6, what is 2155 + -50535514?
-50533315
In base 5, what is 100242 - -1341310?
1442102
In base 5, what is -1 - 10142203441?
-10142203442
In base 10, what is 5 - -32330312?
32330317
In base 5, what is -304423 + 410220?
100242
In base 14, what is 136 - -1ccb5?
1d00b
In base 7, what is 3046645225 - 6?
3046645216
In base 7, what is 0 + 22526466?
22526466
In base 8, what is 6663155 + 335?
6663512
In base 2, what is 101110101100110001110100 + 0?
101110101100110001110100
In base 6, what is 1022 + -1210343?
-1205321
In base 4, what is -3 + -1311230203?
-1311230212
In base 11, what is -22 + -1727196?
-1727208
In base 10, what is -2 - -12601825?
12601823
In base 12, what is -146a1 + 5a1?
-14100
In base 3, what is -1010 + -2202121220222?
-2202121222002
In base 4, what is -1030223232 + -3022?
-1030232320
In base 16, what is -29f2 - -3195?
7a3
In base 10, what is -8 - -12510622?
12510614
In base 16, what is -19e9a - 119?
-19fb3
In base 10, what is -229390778 + 3?
-229390775
In base 11, what is 86a7 - -5?
8701
In base 2, what is 1011111 - -100000111100101110?
100000111110001101
In base 8, what is 123417 + -377?
123020
In base 3, what is -112 + -1122210202120?
-1122210210002
In base 10, what is -1 - -99068164?
99068163
In base 5, what is 24042 + -103343?
-24301
In base 3, what is -22022021221220 + 12?
-22022021221201
In base 14, what is -a - -3d5612?
3d5606
In base 7, what is 3144 + -205053?
-201606
In base 12, what is 702b1 - -26?
70317
In base 9, what is -143554387 - -13?
-143554374
In base 5, what is -212102 + -2234140?
-3001242
In base 8, what is 101460065 - 7?
101460056
In base 5, what is -3222 + 3342130?
3333403
In base 10, what is -1 - -6183395?
6183394
In base 4, what is 30213201 - -200030?
31013231
In base 10, what is 75626 - 66?
75560
In base 14, what is 155 + -301a?
-2ca5
In base 6, what is -114513 + 15353?
-55120
In base 15, what is -2 + 4310b6d?
4310b6b
In base 8, what is 3 + 7265425?
7265430
In base 15, what is -18b443 + 12?
-18b431
In base 11, what is -a3368 - -356?
-a3012
In base 9, what is -302766 - 225?
-303102
In base 12, what is 24 - 26a348?
-26a324
In base 2, what is -110 - 100111100001010110101100011?
-100111100001010110101101001
In base 4, what is 2332223322 - -220?
2332230202
In base 7, what is -136541 + 1013?
-135525
In base 6, what is -122 + -41015451?
-41020013
In base 12, what is 13a + 560a85?
561003
In base 5, what is -430320112 + 310?
-430314302
In base 12, what is 8 - 8a2b501?
-8a2b4b5
In base 15, what is e4d82 + -e?
e4d73
In base 10, what is -2 - -207079?
207077
In base 13, what is -122 - 7cb6?
-8108
In base 4, what is -310031 + -1232120?
-2202211
In base 5, what is -21200 - 10141?
-31341
In base 16, what is 94 + 8231?
82c5
In base 6, what is -132550 - -153010?
20020
In base 6, what is 0 - -54250320?
54250320
In base 5, what is 144120 + -420434?
-221314
In base 16, what is -2704f 